{"id":478,"date":"2020-08-07T05:00:49","date_gmt":"2020-08-07T05:00:49","guid":{"rendered":"https:\/\/klimahau.com\/plat\/?page_id=478"},"modified":"2020-08-18T06:15:28","modified_gmt":"2020-08-18T06:15:28","slug":"si-el-mal-llama-a-tu-puerta-no-lo-dejes-entrar-12-11-2002","status":"publish","type":"page","link":"https:\/\/klimahau.com\/plat\/si-el-mal-llama-a-tu-puerta-no-lo-dejes-entrar-12-11-2002\/","title":{"rendered":"Si el mal llama a tu puerta, no lo dejes entrar (12-11-2002):"},"content":{"rendered":"<p>Si el mal llama a tu puerta, no lo dejes entrar. La sombra desaparece cuando la Luz est\u00e1.<br \/>\nReconoce en ti un Yo Soy y nada perecer\u00e1, solo ser\u00e1 cambio, pero nada morir\u00e1.<br \/>\nYa no existen m\u00e1s caminos, ya no existen m\u00e1s lecciones.<br \/>\nLos caminos, las lecciones son Yo Soy en sus corazones.<br \/>\nDivulguen la alegr\u00eda, la risa, el canto. Sanen su alma desde la m\u00fasica y no escuchen al que los atiza, el que tiene sombra quiere pelear en destrucci\u00f3n.<br \/>\nSi no pueden despertarlo, d\u00e9jenlo y sigan su camino.<br \/>\nNo duden en reunirse, no duden en mostrar su luz, pero sean precavidos, no todo es lo que parece.<br \/>\nVuelvo a repetir, usen sus herramientas, protejan su coraz\u00f3n.<br \/>\nRecuerden que esa es la herramienta m\u00e1s valiosa y ser\u00e1 el veh\u00edculo que los transportar\u00e1.<br \/>\nAmando y estando en paz con ustedes est\u00e1n cada vez m\u00e1s cerca del Padre.<br \/>\nLos amo y los bendigo.<br \/>\nSu Maestro, Padre, Hermano y Amigo.<br \/>\nJes\u00fas de Nazareth<\/p>\n","protected":false},"excerpt":{"rendered":"<p>Si el mal llama a tu puerta, no lo dejes entrar. La sombra desaparece cuando la Luz est\u00e1. Reconoce en ti un Yo Soy y nada perecer\u00e1, solo ser\u00e1 cambio, pero nada morir\u00e1. Ya no existen m\u00e1s caminos, ya no existen m\u00e1s lecciones. Los caminos, las lecciones son Yo Soy en sus corazones. Divulguen la&hellip; <br \/> <a class=\"read-more\" href=\"https:\/\/klimahau.com\/plat\/si-el-mal-llama-a-tu-puerta-no-lo-dejes-entrar-12-11-2002\/\">Leer m\u00e1s<\/a><\/p>\n","protected":false},"author":1,"featured_media":0,"parent":0,"menu_order":0,"comment_status":"closed","ping_status":"closed","template":"page-templates\/page-with-right-sidebar.php","meta":[],"_links":{"self":[{"href":"https:\/\/klimahau.com\/plat\/wp-json\/wp\/v2\/pages\/478"}],"collection":[{"href":"https:\/\/klimahau.com\/plat\/wp-json\/wp\/v2\/pages"}],"about":[{"href":"https:\/\/klimahau.com\/plat\/wp-json\/wp\/v2\/types\/page"}],"author":[{"embeddable":true,"href":"https:\/\/klimahau.com\/plat\/wp-json\/wp\/v2\/users\/1"}],"replies":[{"embeddable":true,"href":"https:\/\/klimahau.com\/plat\/wp-json\/wp\/v2\/comments?post=478"}],"version-history":[{"count":1,"href":"https:\/\/klimahau.com\/plat\/wp-json\/wp\/v2\/pages\/478\/revisions"}],"predecessor-version":[{"id":480,"href":"https:\/\/klimahau.com\/plat\/wp-json\/wp\/v2\/pages\/478\/revisions\/480"}],"wp:attachment":[{"href":"https:\/\/klimahau.com\/plat\/wp-json\/wp\/v2\/media?parent=478"}],"curies":[{"name":"wp","href":"https:\/\/api.w.org\/{rel}","templated":true}]}}