{"id":456,"date":"2020-07-17T01:08:20","date_gmt":"2020-07-17T01:08:20","guid":{"rendered":"https:\/\/klimahau.com\/plat\/?page_id=456"},"modified":"2020-08-18T06:15:28","modified_gmt":"2020-08-18T06:15:28","slug":"klimahau-a-distancia-2","status":"publish","type":"page","link":"https:\/\/klimahau.com\/plat\/servicios\/klimahau-a-distancia-2\/","title":{"rendered":"Klimahau a Distancia"},"content":{"rendered":"<p><strong>Pasos a seguir para recibir una sesi\u00f3n de Klimahau a distancia.<img loading=\"lazy\" class=\"size-medium wp-image-459 alignright\" src=\"https:\/\/klimahau.com\/plat\/wp-content\/uploads\/2020\/07\/bridge-19513_1280-300x200.jpg\" alt=\"\" width=\"300\" height=\"200\" srcset=\"https:\/\/klimahau.com\/plat\/wp-content\/uploads\/2020\/07\/bridge-19513_1280-300x200.jpg 300w, https:\/\/klimahau.com\/plat\/wp-content\/uploads\/2020\/07\/bridge-19513_1280-1024x682.jpg 1024w, https:\/\/klimahau.com\/plat\/wp-content\/uploads\/2020\/07\/bridge-19513_1280-768x512.jpg 768w, https:\/\/klimahau.com\/plat\/wp-content\/uploads\/2020\/07\/bridge-19513_1280.jpg 1280w\" sizes=\"(max-width: 300px) 100vw, 300px\" \/><\/strong><\/p>\n<p>En la modalidad a distancia, se seguir\u00e1n b\u00e1sicamente los mismos lineamientos que en un encuentro presencial, ya que para Klimahau no existe ni tiempo, ni distancia que interfiera con la pr\u00e1ctica.<\/p>\n<p>El contacto con el\/la terapeuta se podr\u00e1 efectuar por diferentes v\u00edas, Whatsapp, Instagram, Facebook, p\u00e1gina web.<\/p>\n<p>En este contacto se establecer\u00e1 el motivo de consulta y el tratamiento que se implementar\u00e1 asesorando y despejando todas las dudas que pudieran surgir.<\/p>\n<p>Dada su conformidad el consultante deber\u00e1 abonar la sesi\u00f3n por las diferentes v\u00edas que le ser\u00e1n enviadas.<\/p>\n<p><img loading=\"lazy\" class=\"size-medium wp-image-460 alignleft\" src=\"https:\/\/klimahau.com\/plat\/wp-content\/uploads\/2020\/07\/future-956144_1280-300x169.jpg\" alt=\"\" width=\"300\" height=\"169\" srcset=\"https:\/\/klimahau.com\/plat\/wp-content\/uploads\/2020\/07\/future-956144_1280-300x169.jpg 300w, https:\/\/klimahau.com\/plat\/wp-content\/uploads\/2020\/07\/future-956144_1280-1024x576.jpg 1024w, https:\/\/klimahau.com\/plat\/wp-content\/uploads\/2020\/07\/future-956144_1280-768x432.jpg 768w, https:\/\/klimahau.com\/plat\/wp-content\/uploads\/2020\/07\/future-956144_1280.jpg 1280w\" sizes=\"(max-width: 300px) 100vw, 300px\" \/>En el momento que se acredite el pago se arreglar\u00e1 el horario del encuentro.<\/p>\n<p>La sesi\u00f3n durara 30 minutos aproximadamente. El o la terapeuta enviar\u00e1 entonces un link con la gu\u00eda para la relajaci\u00f3n y entrada en contacto con la Energ\u00eda de Klimahau.<\/p>\n<p>Al finalizar el encuentro se restablecer\u00e1 el contacto ya acordado previamente con el consultante por videollamada y as\u00ed obtener la devoluci\u00f3n de la pr\u00e1ctica, solicit\u00e1ndole al consultante el testimonio de su experiencia con Klimahau por la misma v\u00eda de contacto.<\/p>\n","protected":false},"excerpt":{"rendered":"<p>Pasos a seguir para recibir una sesi\u00f3n de Klimahau a distancia. En la modalidad a distancia, se seguir\u00e1n b\u00e1sicamente los mismos lineamientos que en un encuentro presencial, ya que para Klimahau no existe ni tiempo, ni distancia que interfiera con la pr\u00e1ctica. El contacto con el\/la terapeuta se podr\u00e1 efectuar por diferentes v\u00edas, Whatsapp, Instagram,&hellip; <br \/> <a class=\"read-more\" href=\"https:\/\/klimahau.com\/plat\/servicios\/klimahau-a-distancia-2\/\">Leer m\u00e1s<\/a><\/p>\n","protected":false},"author":1,"featured_media":458,"parent":375,"menu_order":0,"comment_status":"closed","ping_status":"closed","template":"page-templates\/page-with-right-sidebar.php","meta":[],"_links":{"self":[{"href":"https:\/\/klimahau.com\/plat\/wp-json\/wp\/v2\/pages\/456"}],"collection":[{"href":"https:\/\/klimahau.com\/plat\/wp-json\/wp\/v2\/pages"}],"about":[{"href":"https:\/\/klimahau.com\/plat\/wp-json\/wp\/v2\/types\/page"}],"author":[{"embeddable":true,"href":"https:\/\/klimahau.com\/plat\/wp-json\/wp\/v2\/users\/1"}],"replies":[{"embeddable":true,"href":"https:\/\/klimahau.com\/plat\/wp-json\/wp\/v2\/comments?post=456"}],"version-history":[{"count":2,"href":"https:\/\/klimahau.com\/plat\/wp-json\/wp\/v2\/pages\/456\/revisions"}],"predecessor-version":[{"id":520,"href":"https:\/\/klimahau.com\/plat\/wp-json\/wp\/v2\/pages\/456\/revisions\/520"}],"up":[{"embeddable":true,"href":"https:\/\/klimahau.com\/plat\/wp-json\/wp\/v2\/pages\/375"}],"wp:featuredmedia":[{"embeddable":true,"href":"https:\/\/klimahau.com\/plat\/wp-json\/wp\/v2\/media\/458"}],"wp:attachment":[{"href":"https:\/\/klimahau.com\/plat\/wp-json\/wp\/v2\/media?parent=456"}],"curies":[{"name":"wp","href":"https:\/\/api.w.org\/{rel}","templated":true}]}}