{"id":369,"date":"2020-07-16T22:50:55","date_gmt":"2020-07-16T22:50:55","guid":{"rendered":"https:\/\/klimahau.com\/plat\/?page_id=369"},"modified":"2020-08-18T06:14:34","modified_gmt":"2020-08-18T06:14:34","slug":"que-es-klimahau-proposito","status":"publish","type":"page","link":"https:\/\/klimahau.com\/plat\/klimahau\/que-es-klimahau-proposito\/","title":{"rendered":"Qu\u00e9 es Klimahau &#8211; Prop\u00f3sito"},"content":{"rendered":"<p><strong>Definici\u00f3n del Prop\u00f3sito \u2013 Reiki Klimahau:<img loading=\"lazy\" class=\"size-full wp-image-452 alignright\" src=\"https:\/\/klimahau.com\/plat\/wp-content\/uploads\/2020\/07\/Cubo-Metraton-2.jpg\" alt=\"\" width=\"225\" height=\"225\" srcset=\"https:\/\/klimahau.com\/plat\/wp-content\/uploads\/2020\/07\/Cubo-Metraton-2.jpg 225w, https:\/\/klimahau.com\/plat\/wp-content\/uploads\/2020\/07\/Cubo-Metraton-2-150x150.jpg 150w\" sizes=\"(max-width: 225px) 100vw, 225px\" \/><\/strong><\/p>\n<p>El prop\u00f3sito de Klimahau es hacer que crezca en cada una de las personas que tienen acceso a esta t\u00e9cnica <strong>Paz, Amor y Misericordia<\/strong>, en todas sus c\u00e9lulas, en todos sus \u00f3rganos y en todos sus tejidos.<\/p>\n<p>Pero tambi\u00e9n en sus emociones, sus sentimientos, sus pensamientos y su Esp\u00edritu.<\/p>\n<p>A medida que esta Paz crece dentro de cada uno, se va desarrollando internamente una conexi\u00f3n con la Fuente, una conexi\u00f3n que hace que la Fuerza crezca dentro de cada uno y que el Esp\u00edritu se eleve de tal manera que su vida se transforme, y que se transforme generando para s\u00ed y para los dem\u00e1s Sabidur\u00eda, fortaleza de Esp\u00edritu, abundancia, salud, crecimiento espiritual, crecimiento econ\u00f3mico; <strong>Paz, Amor y Misericordia<\/strong>.<\/p>\n<p><strong>Definici\u00f3n de Reglas \u2013 Valores:<\/strong><\/p>\n<p><img loading=\"lazy\" class=\"size-medium wp-image-453 alignleft\" src=\"https:\/\/klimahau.com\/plat\/wp-content\/uploads\/2020\/07\/astrologia-300x240.png\" alt=\"\" width=\"300\" height=\"240\" srcset=\"https:\/\/klimahau.com\/plat\/wp-content\/uploads\/2020\/07\/astrologia-300x240.png 300w, https:\/\/klimahau.com\/plat\/wp-content\/uploads\/2020\/07\/astrologia.png 351w\" sizes=\"(max-width: 300px) 100vw, 300px\" \/>Canalizaci\u00f3n Sobre las Reglas y Valores:<\/p>\n<p>\u201cLa Primer regla es el <strong><em>Amor por lo que se haga<\/em><\/strong>, a partir de ah\u00ed las cualidades que sientan <strong><em>Honradez y Humildad.<\/em><\/strong><\/p>\n<p><strong><em>Ra\u00edces y Alas<\/em><\/strong> para que puedan conectarse con el <strong><em>Cielo<\/em><\/strong> y con la <strong><em>Tierra<\/em><\/strong> y a trav\u00e9s de la <strong><em>uni\u00f3n de la conciencia del grupo, de la diversidad de modos de pensar y actuar y del respeto,<\/em><\/strong> encuentren la manera que su crecimiento sea exitoso y que perdure en el tiempo. Existen varias maneras de crecer, una es a trav\u00e9s del trabajo personal para que el Ser crezca y se vaya mostrando tal cual es, desde la Paz, desde el Amor desde la conciencia y el otro es trabajo en equipo, las dos tareas tendr\u00e1n que realizar, el trabajo interno y el trabajo externo para que las bases se siembren para que crezcan en tierra fecunda y para que puedan tener ra\u00edces profundas y alas al Cielo.<\/p>\n<p>Cada uno de ustedes tiene una misi\u00f3n, una cualidad, un don algo especial que los caracteriza y eso es lo que tienen que hacer valer, \u00bfpero de qu\u00e9 manera lo van a ser valer? Lo van a ser valer desde el Amor desde la propia convicci\u00f3n desde su propio valor y as\u00ed poder manifestarse en bien, en alegr\u00eda, en abundancia en Amor. Y tienen la bendici\u00f3n de todos nosotros y tengan la certeza de que, as\u00ed como est\u00e1n hoy aqu\u00ed en este Templo llegara pronto el lugar en donde est\u00e9n en el lugar que le corresponden en este tiempo.<\/p>\n<p><strong>Shamballa<\/strong> es una <strong>Isla de Luz<\/strong>, que fue creada para que el Amor se expanda en todas direcciones y esta <strong>Maestra<\/strong> <strong><em>que cobija<img loading=\"lazy\" class=\"size-medium wp-image-454 alignright\" src=\"https:\/\/klimahau.com\/plat\/wp-content\/uploads\/2020\/07\/rz500.1526569325_archive_descubren_el_objeto_mas_grande_de_todo_el_universo_y_eso_desata_cientos_de_preguntas_a_los_cientificos_-300x225.jpg\" alt=\"\" width=\"300\" height=\"225\" srcset=\"https:\/\/klimahau.com\/plat\/wp-content\/uploads\/2020\/07\/rz500.1526569325_archive_descubren_el_objeto_mas_grande_de_todo_el_universo_y_eso_desata_cientos_de_preguntas_a_los_cientificos_-300x225.jpg 300w, https:\/\/klimahau.com\/plat\/wp-content\/uploads\/2020\/07\/rz500.1526569325_archive_descubren_el_objeto_mas_grande_de_todo_el_universo_y_eso_desata_cientos_de_preguntas_a_los_cientificos_.jpg 500w\" sizes=\"(max-width: 300px) 100vw, 300px\" \/> este conocimiento es la herramienta, es el camino y es la Meta<\/em><\/strong>. En el camino est\u00e1 la Meta.<\/p>\n<p>Ahora sentirse libres sentirse amados sentirse guiados y as\u00ed como ustedes est\u00e1n con nosotros, nosotros estamos con ustedes. Lleven nuestras bendiciones y vivan felices y sean sobre todo <strong><em>honestos con ustedes mismos, liberen todo lo que tengan que liberar y atraigan todo lo que tengan que atraer que ah\u00ed est\u00e1 la respuesta ah\u00ed esta la diferencia entre vivir con min\u00fascula y VIVIR con may\u00fascula, es tiempo de expansi\u00f3n es tiempo de siembra, pero tambi\u00e9n es tiempo de cosecha <\/em><\/strong>aqu\u00ed y ahora y siempre estamos juntos a ustedes y ustedes en nosotros. <strong><em>Gomaia Hametim.\u201d<\/em><\/strong><\/p>\n<p><strong>Resumen<\/strong>:<\/p>\n<ul>\n<li>Amor por lo que se haga<\/li>\n<li>Honradez<\/li>\n<li>Humildad<\/li>\n<li>Honestidad<\/li>\n<li>Conciencia de Trabajo en Equipo<\/li>\n<li>Compromiso<\/li>\n<li>Respeto<\/li>\n<li>Comunicaci\u00f3n<\/li>\n<\/ul>\n","protected":false},"excerpt":{"rendered":"<p>Definici\u00f3n del Prop\u00f3sito \u2013 Reiki Klimahau: El prop\u00f3sito de Klimahau es hacer que crezca en cada una de las personas que tienen acceso a esta t\u00e9cnica Paz, Amor y Misericordia, en todas sus c\u00e9lulas, en todos sus \u00f3rganos y en todos sus tejidos. Pero tambi\u00e9n en sus emociones, sus sentimientos, sus pensamientos y su Esp\u00edritu.&hellip; <br \/> <a class=\"read-more\" href=\"https:\/\/klimahau.com\/plat\/klimahau\/que-es-klimahau-proposito\/\">Leer m\u00e1s<\/a><\/p>\n","protected":false},"author":1,"featured_media":451,"parent":366,"menu_order":0,"comment_status":"closed","ping_status":"closed","template":"page-templates\/page-with-right-sidebar.php","meta":[],"_links":{"self":[{"href":"https:\/\/klimahau.com\/plat\/wp-json\/wp\/v2\/pages\/369"}],"collection":[{"href":"https:\/\/klimahau.com\/plat\/wp-json\/wp\/v2\/pages"}],"about":[{"href":"https:\/\/klimahau.com\/plat\/wp-json\/wp\/v2\/types\/page"}],"author":[{"embeddable":true,"href":"https:\/\/klimahau.com\/plat\/wp-json\/wp\/v2\/users\/1"}],"replies":[{"embeddable":true,"href":"https:\/\/klimahau.com\/plat\/wp-json\/wp\/v2\/comments?post=369"}],"version-history":[{"count":3,"href":"https:\/\/klimahau.com\/plat\/wp-json\/wp\/v2\/pages\/369\/revisions"}],"predecessor-version":[{"id":455,"href":"https:\/\/klimahau.com\/plat\/wp-json\/wp\/v2\/pages\/369\/revisions\/455"}],"up":[{"embeddable":true,"href":"https:\/\/klimahau.com\/plat\/wp-json\/wp\/v2\/pages\/366"}],"wp:featuredmedia":[{"embeddable":true,"href":"https:\/\/klimahau.com\/plat\/wp-json\/wp\/v2\/media\/451"}],"wp:attachment":[{"href":"https:\/\/klimahau.com\/plat\/wp-json\/wp\/v2\/media?parent=369"}],"curies":[{"name":"wp","href":"https:\/\/api.w.org\/{rel}","templated":true}]}}